 36?
35
Let m(w) = w**3 - 7*w**2 + 12*w - 16. Let a be m(7). Suppose -a - 580 = -12*n. Calculate the remainder when 104 is divided by n.
50
Let t = -83 - -105. What is the remainder when 79 is divided by t?
13
Let g(f) = 5*f + 7 + 4 - 14*f + 6 - 8*f**2 + f**3. Calculate the remainder when 32 is divided by g(9).
15
Let c(s) be the first derivative of s**2/2 + 2*s + 5. Let p be c(2). Suppose p*k = u + 19, -5*k - u = -13 - 13. Calculate the remainder when 14 is divided by k.
4
Let z be (-1)/5 - 12152/40. Calculate the remainder when 165 is divided by 6/(-15) - (z/10 - -2).
25
Suppose -32*j = -23*j - 243. What is the remainder when 52 is divided by j?
25
Suppose 0 = -4*i + 2*t - 6*t + 176, 212 = 5*i + 3*t. What is the remainder when (-1*9)/((-30)/i) is divided by 5?
2
Let d(b) = -2*b**2 + 19. Let u be d(0). Suppose w - m + 2 = 4*m, -2*m = w - u. Calculate the remainder when w is divided by 8.
5
Suppose m - 10 = -4*g + 3*g, 4*g = 2*m + 4. Let s = -3 - m. What is the remainder when (-78)/s*3 - 3 is divided by 8?
7
Calculate the remainder when 332 is divided by 6 - 11/(88/(-288)).
38
Suppose 5*m + 3*f - 599 = 0, -2*m + 3*f + 251 = 8*f. Calculate the remainder when m is divided by 24.
22
Let a be 18/54 + 7678/6. Suppose 0 = -t + 21. What is the remainder when 1/(-3) + -3 + a/15 is divided by t?
19
Suppose 22*j = 24*j - 8. Suppose i + 21 = k, -k + j*k + 3*i - 75 = 0. Calculate the remainder when k is divided by 6.
5
Let z = 14 + -5. Suppose 4*r + 1 = z. What is the remainder when 8 is divided by (3/r)/(3/4)?
0
Let v = 551 - 490. Let z = 6 + -3. Suppose -s + z*s - 32 = 0. Calculate the remainder when v is divided by s.
13
Let v(m) = m**3 + 12*m**2 - 16*m - 12. Let c(l) = -12*l - 1. Let a be c(1). Calculate the remainder when v(a) is divided by 7.
6
Let y be ((-74)/10)/((-5)/25). Suppose -89 = -3*n + y. Calculate the remainder when n is divided by 22.
20
Suppose 10*h = 6*h + 364. Let w = h - 55. Calculate the remainder when 107 is divided by w.
35
Let z(d) = -d**2 + 9*d - 5. Let f be z(6). Suppose 2*l - 1 = f. Calculate the remainder when 40 is divided by l.
5
Let a = 19 - 16. Suppose 0 = 3*u + 5*m - 62, 0 = u - 4*u + a*m + 102. Suppose l = -x + 20 - 0, x + 4*l = u. Calculate the remainder when x is divided by 10.
7
Let a = -400 + 425. What is the remainder when 104 is divided by a?
4
Suppose 62 = -2*y + 3*y. Let p(u) = u**3 - 22*u**2 + 21*u + 9. Let q = -73 - -94. Calculate the remainder when y is divided by p(q).
8
Suppose -11*t + 7*t - 2*v + 412 = 0, 3*v = 4*t - 392. Calculate the remainder when 225 is divided by t.
23
Let i be (-7)/(-21) - (-33)/9. Suppose -4*h - 2*x = -0*h - 38, i*h - 4*x - 56 = 0. What is the remainder when (19/(-2))/(3/(-6)) is divided by h?
8
Suppose 4*m + 5*s - 11 = 336, -4*s + 261 = 3*m. What is the remainder when 344 is divided by m?
12
Suppose -l = 2*b - 0 - 9, 3*l - 5*b + 17 = 0. Let c(t) = 99*t + 3. What is the remainder when c(l) is divided by 35?
32
Suppose d - 16 = 4*z, -z - 13 - 13 = -3*d. Calculate the remainder when 19 is divided by d.
3
Let d(j) = j**2 + 5*j. Let u be d(-9). Suppose 4*a - 104 - u = 0. Calculate the remainder when a is divided by 18.
17
Let q(z) = 3*z - 8. Let n be q(6). Let s(k) = -6*k + 72. What is the remainder when 94 is divided by s(n)?
10
Suppose 0 = 5*i - 3*w - 17, -16 = 2*w + 2*w. What is the remainder when 20 is divided by 14/(-8)*i*(1 - 5)?
6
Let h(j) = j**2 - 5*j - 15. Suppose 4*g + 8*t - 5*t = 139, -97 = -3*g + 5*t. What is the remainder when g is divided by h(8)?
7
Let o = -1137 - -1158. Calculate the remainder when 111 is divided by o.
6
Suppose 0 = -4*s, 0 = k - 5*s - 7 - 4. What is the remainder when 19 is divided by k?
8
Let v = -30 + 39. Let z = 43 - 8. What is the remainder when z is divided by v?
8
Let h = 17 - 8. What is the remainder when -1*h/(-11) + 20/110 is divided by 1?
0
What is the remainder when 160 is divided by -8 + 20/5 - (-47 - -2)?
37
Let s be -4*(50/(-12) + (-4)/(-6)). Suppose -s*j + 15*j - 10 = 0. What is the remainder when 19 is divided by j?
9
Let o(p) = -43*p - 375. Calculate the remainder when 30 is divided by o(-9).
6
Let t(d) = 3*d**2 - 2*d + 1. Let r be t(1). Suppose h - l = -h + 172, 5*h - 431 = r*l. What is the remainder when h is divided by 18?
15
Let t(q) = 15*q + 183. Calculate the remainder when t(-8) is divided by 4.
3
Suppose 3*t - 7 - 2 = 0. Let v be (-10)/(-4)*(-14)/(-5). Suppose p - 2*x - v = -0, 4*x = -t*p + 61. Calculate the remainder when 28 is divided by p.
13
Let b be 1*2*27/(-6). Let n = -7 - b. Let m = 26 - n. Calculate the remainder when 45 is divided by m.
21
Suppose 6*c + b = 2*c + 35, -4*c + 2*b = -26. Suppose 0 = -w - g + 9, -4*w = c*g - 3*g - 31. What is the remainder when 27 is divided by w?
13
Suppose -4*b - 5*o + 176 = 0, 0 = -4*b + o + o + 148. Let h = 121 - 101. Calculate the remainder when b is divided by h.
19
Suppose 3*g - 15 = 0, 0*w + 4*g = 5*w + 120. Suppose -5*n - 2*k = -45, 32 = n - 84*k + 89*k. Calculate the remainder when n is divided by (3/2)/((-15)/w).
1
Let f(n) be the second derivative of -n**4/12 - 2*n**3/3 - n. Let p(z) = 4*z - 55. Let s be p(13). Calculate the remainder when 10 is divided by f(s).
1
Calculate the remainder when 365 is divided by (-24)/(-8 - -7) + -1.
20
Let n(s) = 7*s**3 + 4*s**2 - 3*s. Calculate the remainder when 19 is divided by n(1).
3
Let l(i) = 2*i - 1. Let s be l(3). Suppose 0 = -s*d - 59 + 144. Calculate the remainder when (-987)/14*2/(-3) is divided by d.
13
Let o = -281 - -305. Calculate the remainder when 141 is divided by o.
21
Let r(s) = 8*s - 10. Let i(f) = -10*f**3 - 1. Let o be i(-1). Let v be r(o). Suppose 0 = 3*j + 11 - v. Calculate the remainder when j is divided by 9.
8
Suppose 0 = 9*j - 130 - 5. Calculate the remainder when j is divided by 14/2*(-2)/(-2).
1
Let h = -268 + 310. What is the remainder when h is divided by (-15)/6*(1 + -7)?
12
Let v(h) = 4*h + 13. Let t be v(0). Let d = 27 - t. What is the remainder when d is divided by 4?
2
Let y(h) = -h**3 - 6*h**2 - h + 13. Suppose -19*i + 561 = -8*i. Calculate the remainder when i is divided by y(-6).
13
Let v be 2/(-6) - 1/(-3)*97. Let t = 1 + 9. Suppose t + v = x. Calculate the remainder when x is divided by 15.
12
Let j(u) = -u**3 + 9*u**2 - 12*u + 2. Let w be j(10). Let o = w - -369. Calculate the remainder when o is divided by 8.
7
Suppose -7*t + 14*t = 28. Calculate the remainder when 73 is divided by (-4)/6*(-114)/t.
16
Let z = 22 + -12. Calculate the remainder when 74 is divided by 384/15 + 1/(z/4).
22
Suppose 0 = 5*q - 5, 0 = -3*d + 5*d + 4*q - 8. Calculate the remainder when 104 is divided by (-105)/(-12)*d - 5/(-10).
14
Suppose 2*j = -50 - 52. Let g = j + 84. What is the remainder when g is divided by 17?
16
Suppose 5*m + 8 - 37 = -4*h, -5*h + m = 0. Let t = -437 - -447. Calculate the remainder when t is divided by 1*(-2 + h)*-4.
2
Suppose 208 = -g + 17*g. Suppose g*n - 2249 = -0*n. Calculate the remainder when n is divided by 16.
13
Let n = 26 - 40. Calculate the remainder when (-1040)/n + 4/(-14) is divided by 19.
17
Suppose j + 28 = 3*l, 0 = -4*l + 5*j - 12 + 64. Let i be (15/(-10))/((-4)/l). Let x(u) = 2*u**2 + 3*u - 2. What is the remainder when 97 is divided by x(i)?
22
Let v(p) = 15*p + 101. Calculate the remainder when v(-5) is divided by 16.
10
Let d(j) = j**2 + 6*j + 5. Let p be d(-6). Let u be (24/84)/((-1)/(-14)). Suppose 18 = p*l - u*l. What is the remainder when 52 is divided by l?
16
Let t = -261 - -426. Calculate the remainder when t is divided by 42.
39
Suppose 5*z - 152 = 2*a, -a = 4*z - 31 - 88. Calculate the remainder when 743 is divided by z.
23
Suppose 4*z = -c + 234, 4*c + 180 = 2*z + 1080. Suppose 5*n - 2*x - c = 0, 2*x + 93 = 2*n + 5. Calculate the remainder when n is divided by 16.
14
Let x(y) = 4*y**3 - 3*y**3 - y + 3*y**2 + 4*y**2 - y**2 - 2*y**2. Let i be 1 + -1 + -3*1. Calculate the remainder when x(i) is divided by 7.
5
Let d(n) = n**2 + 20*n + 30. Let h be d(-19). Let r(i) = i**2 - i - 12. Calculate the remainder when r(h) is divided by 20.
18
Suppose -z - 1 = 0, -3*z = -i + 2*i + 43. Let y(l) = l**3 + 10*l**2 - 3*l - 4. Let t be y(-5). Let r = t + i. What is the remainder when r is divided by 33?
30
Suppose 2*a = -5*a + 21. Calculate the remainder when ((-9)/(a - 0))/((-6)/206)